{"id":17,"date":"2023-04-23T17:46:57","date_gmt":"2023-04-23T17:46:57","guid":{"rendered":"http:\/\/candelabou.es\/3D\/?page_id=17"},"modified":"2023-04-24T12:03:55","modified_gmt":"2023-04-24T12:03:55","slug":"privacidad","status":"publish","type":"page","link":"https:\/\/candelabou.es\/3D\/privacidad\/","title":{"rendered":"Pol\u00edtica de Privacidad"},"content":{"rendered":"\t\t<div data-elementor-type=\"wp-page\" data-elementor-id=\"17\" class=\"elementor elementor-17\">\n\t\t\t\t\t\t\t\t\t<section class=\"elementor-section elementor-top-section elementor-element elementor-element-7f134575 elementor-section-boxed elementor-section-height-default elementor-section-height-default\" data-id=\"7f134575\" data-element_type=\"section\">\n\t\t\t\t\t\t<div class=\"elementor-container elementor-column-gap-default\">\n\t\t\t\t\t<div class=\"elementor-column elementor-col-100 elementor-top-column elementor-element elementor-element-4680dbe8\" data-id=\"4680dbe8\" data-element_type=\"column\">\n\t\t\t<div class=\"elementor-widget-wrap elementor-element-populated\">\n\t\t\t\t\t\t\t\t<div class=\"elementor-element elementor-element-47055f4e elementor-widget elementor-widget-text-editor\" data-id=\"47055f4e\" data-element_type=\"widget\" data-widget_type=\"text-editor.default\">\n\t\t\t\t<div class=\"elementor-widget-container\">\n\t\t\t<style>\/*! elementor - v3.12.1 - 02-04-2023 *\/\n.elementor-widget-text-editor.elementor-drop-cap-view-stacked .elementor-drop-cap{background-color:#69727d;color:#fff}.elementor-widget-text-editor.elementor-drop-cap-view-framed .elementor-drop-cap{color:#69727d;border:3px solid;background-color:transparent}.elementor-widget-text-editor:not(.elementor-drop-cap-view-default) .elementor-drop-cap{margin-top:8px}.elementor-widget-text-editor:not(.elementor-drop-cap-view-default) .elementor-drop-cap-letter{width:1em;height:1em}.elementor-widget-text-editor .elementor-drop-cap{float:left;text-align:center;line-height:1;font-size:50px}.elementor-widget-text-editor .elementor-drop-cap-letter{display:inline-block}<\/style>\t\t\t\t<!-- wp:paragraph -->\n<p>En candelabou.es, la privacidad de nuestros usuarios es una de nuestras principales preocupaciones. Esta Pol\u00edtica de Privacidad describe c\u00f3mo se recopila, utiliza, almacena y comparte la informaci\u00f3n de los usuarios en nuestro sitio web.<\/p>\n<!-- \/wp:paragraph -->\n\n<!-- wp:heading {\"level\":3} -->\n<h3 class=\"wp-block-heading\">Recopilaci\u00f3n de informaci\u00f3n <\/h3>\n<!-- \/wp:heading -->\n\n<!-- wp:paragraph -->\n<p>Cuando un usuario visita candelabou.es, recopilamos informaci\u00f3n t\u00e9cnica y de navegaci\u00f3n, como la direcci\u00f3n IP, el tipo de navegador utilizado, el tiempo de visita y las p\u00e1ginas visitadas. Adem\u00e1s, si el usuario usa el formulario de contacto de nuestro sitio web, tambi\u00e9n recopilamos informaci\u00f3n personal como el nombre, la direcci\u00f3n de correo electr\u00f3nico y la informaci\u00f3n de contacto.<\/p>\n<!-- \/wp:paragraph -->\n\n<!-- wp:heading {\"level\":3} -->\n<h3 class=\"wp-block-heading\">Uso de la informaci\u00f3n <\/h3>\n<!-- \/wp:heading -->\n\n<!-- wp:paragraph -->\n<p>La informaci\u00f3n recopilada se utiliza para mejorar la experiencia del usuario en nuestro sitio web, personalizar el contenido y enviar informaci\u00f3n promocional sobre nuestros productos y servicios. No compartimos esta informaci\u00f3n con terceros, excepto cuando es necesario para proporcionar servicios en nuestro nombre, cumplir con la ley o proteger nuestros derechos.<\/p>\n<!-- \/wp:paragraph -->\n\n<!-- wp:heading {\"level\":3} -->\n<h3 class=\"wp-block-heading\">Cookies <\/h3>\n<!-- \/wp:heading -->\n\n<!-- wp:paragraph -->\n<p>candelabou.es utiliza cookies y tecnolog\u00edas similares para recopilar informaci\u00f3n sobre la actividad del usuario en nuestro sitio web. Las cookies nos permiten personalizar la experiencia del usuario, recordar las preferencias y mejorar el rendimiento del sitio web. Los usuarios pueden desactivar las cookies en su navegador en cualquier momento, pero esto puede afectar la funcionalidad del sitio web.<\/p>\n<!-- \/wp:paragraph -->\n\n<!-- wp:heading {\"level\":3} -->\n<h3 class=\"wp-block-heading\">Seguridad <\/h3>\n<!-- \/wp:heading -->\n\n<!-- wp:paragraph -->\n<p>Nos tomamos muy en serio la seguridad de la informaci\u00f3n de nuestros usuarios y hemos implementado medidas de seguridad para proteger contra el acceso no autorizado, la modificaci\u00f3n, divulgaci\u00f3n o destrucci\u00f3n de la informaci\u00f3n personal.<\/p>\n<!-- \/wp:paragraph -->\n\n<!-- wp:heading {\"level\":3} -->\n<h3 class=\"wp-block-heading\">Cambios en la pol\u00edtica de privacidad <\/h3>\n<!-- \/wp:heading -->\n\n<!-- wp:paragraph -->\n<p>Nos reservamos el derecho de actualizar esta Pol\u00edtica de Privacidad en cualquier momento y sin previo aviso. Los usuarios deben revisar esta pol\u00edtica regularmente para mantenerse informados sobre c\u00f3mo estamos protegiendo su informaci\u00f3n.<\/p>\n<!-- \/wp:paragraph -->\n\n<!-- wp:paragraph -->\n<p>Si tiene alguna pregunta o inquietud sobre nuestra Pol\u00edtica de Privacidad, no dude en ponerse en contacto con nosotros a trav\u00e9s de nuestro sitio web o correo electr\u00f3nico.<\/p>\n<!-- \/wp:paragraph -->\n\n<!-- wp:paragraph -->\n<p>Fecha de entrada en vigor: 23 de Abril de 2023<\/p>\n<!-- \/wp:paragraph -->\n\n<!-- wp:paragraph -->\n<p><\/p>\n<!-- \/wp:paragraph -->\t\t\t\t\t\t<\/div>\n\t\t\t\t<\/div>\n\t\t\t\t\t<\/div>\n\t\t<\/div>\n\t\t\t\t\t\t\t<\/div>\n\t\t<\/section>\n\t\t\t\t\t\t\t<\/div>\n\t\t","protected":false},"excerpt":{"rendered":"<p>En candelabou.es, la privacidad de nuestros usuarios es una de nuestras principales preocupaciones. Esta Pol\u00edtica de Privacidad describe c\u00f3mo se recopila, utiliza, almacena y comparte la informaci\u00f3n de los usuarios en nuestro sitio web. Recopilaci\u00f3n de informaci\u00f3n Cuando un usuario visita candelabou.es, recopilamos informaci\u00f3n t\u00e9cnica y de navegaci\u00f3n, como la direcci\u00f3n IP, el tipo de [&hellip;]<\/p>\n","protected":false},"author":1,"featured_media":0,"parent":0,"menu_order":0,"comment_status":"closed","ping_status":"closed","template":"","meta":{"footnotes":""},"class_list":["post-17","page","type-page","status-publish","hentry"],"yoast_head":"<!-- This site is optimized with the Yoast SEO Premium plugin v20.1 (Yoast SEO v20.5) - https:\/\/yoast.com\/wordpress\/plugins\/seo\/ -->\n<title>Pol\u00edtica de Privacidad - Candela Bou<\/title>\n<meta name=\"robots\" content=\"index, follow, max-snippet:-1, max-image-preview:large, max-video-preview:-1\" \/>\n<link rel=\"canonical\" href=\"https:\/\/candelabou.es\/3D\/privacidad\/\" \/>\n<meta property=\"og:locale\" content=\"es_ES\" \/>\n<meta property=\"og:type\" content=\"article\" \/>\n<meta property=\"og:title\" content=\"Pol\u00edtica de Privacidad\" \/>\n<meta property=\"og:description\" content=\"En candelabou.es, la privacidad de nuestros usuarios es una de nuestras principales preocupaciones. Esta Pol\u00edtica de Privacidad describe c\u00f3mo se recopila, utiliza, almacena y comparte la informaci\u00f3n de los usuarios en nuestro sitio web. Recopilaci\u00f3n de informaci\u00f3n Cuando un usuario visita candelabou.es, recopilamos informaci\u00f3n t\u00e9cnica y de navegaci\u00f3n, como la direcci\u00f3n IP, el tipo de [&hellip;]\" \/>\n<meta property=\"og:url\" content=\"https:\/\/candelabou.es\/3D\/privacidad\/\" \/>\n<meta property=\"og:site_name\" content=\"Candela Bou\" \/>\n<meta property=\"article:modified_time\" content=\"2023-04-24T12:03:55+00:00\" \/>\n<meta name=\"twitter:card\" content=\"summary_large_image\" \/>\n<meta name=\"twitter:label1\" content=\"Tiempo de lectura\" \/>\n\t<meta name=\"twitter:data1\" content=\"2 minutos\" \/>\n<script type=\"application\/ld+json\" class=\"yoast-schema-graph\">{\"@context\":\"https:\/\/schema.org\",\"@graph\":[{\"@type\":\"WebPage\",\"@id\":\"https:\/\/candelabou.es\/3D\/privacidad\/\",\"url\":\"https:\/\/candelabou.es\/3D\/privacidad\/\",\"name\":\"Pol\u00edtica de Privacidad - Candela Bou\",\"isPartOf\":{\"@id\":\"https:\/\/candelabou.es\/3D\/#website\"},\"datePublished\":\"2023-04-23T17:46:57+00:00\",\"dateModified\":\"2023-04-24T12:03:55+00:00\",\"breadcrumb\":{\"@id\":\"https:\/\/candelabou.es\/3D\/privacidad\/#breadcrumb\"},\"inLanguage\":\"es\",\"potentialAction\":[{\"@type\":\"ReadAction\",\"target\":[\"https:\/\/candelabou.es\/3D\/privacidad\/\"]}]},{\"@type\":\"BreadcrumbList\",\"@id\":\"https:\/\/candelabou.es\/3D\/privacidad\/#breadcrumb\",\"itemListElement\":[{\"@type\":\"ListItem\",\"position\":1,\"name\":\"Portada\",\"item\":\"https:\/\/candelabou.es\/3D\/\"},{\"@type\":\"ListItem\",\"position\":2,\"name\":\"Pol\u00edtica de Privacidad\"}]},{\"@type\":\"WebSite\",\"@id\":\"https:\/\/candelabou.es\/3D\/#website\",\"url\":\"https:\/\/candelabou.es\/3D\/\",\"name\":\"Candela Bou\",\"description\":\"Renders 3D profesionales\",\"publisher\":{\"@id\":\"https:\/\/candelabou.es\/3D\/#\/schema\/person\/eae1a576e41c91bafb282ec8656fc44b\"},\"potentialAction\":[{\"@type\":\"SearchAction\",\"target\":{\"@type\":\"EntryPoint\",\"urlTemplate\":\"https:\/\/candelabou.es\/3D\/?s={search_term_string}\"},\"query-input\":\"required name=search_term_string\"}],\"inLanguage\":\"es\"},{\"@type\":[\"Person\",\"Organization\"],\"@id\":\"https:\/\/candelabou.es\/3D\/#\/schema\/person\/eae1a576e41c91bafb282ec8656fc44b\",\"name\":\"admin\",\"image\":{\"@type\":\"ImageObject\",\"inLanguage\":\"es\",\"@id\":\"https:\/\/candelabou.es\/3D\/#\/schema\/person\/image\/\",\"url\":\"http:\/\/candelabou.es\/3D\/wp-content\/uploads\/2023\/04\/IMG_0699.jpg\",\"contentUrl\":\"http:\/\/candelabou.es\/3D\/wp-content\/uploads\/2023\/04\/IMG_0699.jpg\",\"width\":1500,\"height\":1000,\"caption\":\"admin\"},\"logo\":{\"@id\":\"https:\/\/candelabou.es\/3D\/#\/schema\/person\/image\/\"}}]}<\/script>\n<!-- \/ Yoast SEO Premium plugin. -->","yoast_head_json":{"title":"Pol\u00edtica de Privacidad - Candela Bou","robots":{"index":"index","follow":"follow","max-snippet":"max-snippet:-1","max-image-preview":"max-image-preview:large","max-video-preview":"max-video-preview:-1"},"canonical":"https:\/\/candelabou.es\/3D\/privacidad\/","og_locale":"es_ES","og_type":"article","og_title":"Pol\u00edtica de Privacidad","og_description":"En candelabou.es, la privacidad de nuestros usuarios es una de nuestras principales preocupaciones. Esta Pol\u00edtica de Privacidad describe c\u00f3mo se recopila, utiliza, almacena y comparte la informaci\u00f3n de los usuarios en nuestro sitio web. Recopilaci\u00f3n de informaci\u00f3n Cuando un usuario visita candelabou.es, recopilamos informaci\u00f3n t\u00e9cnica y de navegaci\u00f3n, como la direcci\u00f3n IP, el tipo de [&hellip;]","og_url":"https:\/\/candelabou.es\/3D\/privacidad\/","og_site_name":"Candela Bou","article_modified_time":"2023-04-24T12:03:55+00:00","twitter_card":"summary_large_image","twitter_misc":{"Tiempo de lectura":"2 minutos"},"schema":{"@context":"https:\/\/schema.org","@graph":[{"@type":"WebPage","@id":"https:\/\/candelabou.es\/3D\/privacidad\/","url":"https:\/\/candelabou.es\/3D\/privacidad\/","name":"Pol\u00edtica de Privacidad - Candela Bou","isPartOf":{"@id":"https:\/\/candelabou.es\/3D\/#website"},"datePublished":"2023-04-23T17:46:57+00:00","dateModified":"2023-04-24T12:03:55+00:00","breadcrumb":{"@id":"https:\/\/candelabou.es\/3D\/privacidad\/#breadcrumb"},"inLanguage":"es","potentialAction":[{"@type":"ReadAction","target":["https:\/\/candelabou.es\/3D\/privacidad\/"]}]},{"@type":"BreadcrumbList","@id":"https:\/\/candelabou.es\/3D\/privacidad\/#breadcrumb","itemListElement":[{"@type":"ListItem","position":1,"name":"Portada","item":"https:\/\/candelabou.es\/3D\/"},{"@type":"ListItem","position":2,"name":"Pol\u00edtica de Privacidad"}]},{"@type":"WebSite","@id":"https:\/\/candelabou.es\/3D\/#website","url":"https:\/\/candelabou.es\/3D\/","name":"Candela Bou","description":"Renders 3D profesionales","publisher":{"@id":"https:\/\/candelabou.es\/3D\/#\/schema\/person\/eae1a576e41c91bafb282ec8656fc44b"},"potentialAction":[{"@type":"SearchAction","target":{"@type":"EntryPoint","urlTemplate":"https:\/\/candelabou.es\/3D\/?s={search_term_string}"},"query-input":"required name=search_term_string"}],"inLanguage":"es"},{"@type":["Person","Organization"],"@id":"https:\/\/candelabou.es\/3D\/#\/schema\/person\/eae1a576e41c91bafb282ec8656fc44b","name":"admin","image":{"@type":"ImageObject","inLanguage":"es","@id":"https:\/\/candelabou.es\/3D\/#\/schema\/person\/image\/","url":"http:\/\/candelabou.es\/3D\/wp-content\/uploads\/2023\/04\/IMG_0699.jpg","contentUrl":"http:\/\/candelabou.es\/3D\/wp-content\/uploads\/2023\/04\/IMG_0699.jpg","width":1500,"height":1000,"caption":"admin"},"logo":{"@id":"https:\/\/candelabou.es\/3D\/#\/schema\/person\/image\/"}}]}},"_links":{"self":[{"href":"https:\/\/candelabou.es\/3D\/wp-json\/wp\/v2\/pages\/17"}],"collection":[{"href":"https:\/\/candelabou.es\/3D\/wp-json\/wp\/v2\/pages"}],"about":[{"href":"https:\/\/candelabou.es\/3D\/wp-json\/wp\/v2\/types\/page"}],"author":[{"embeddable":true,"href":"https:\/\/candelabou.es\/3D\/wp-json\/wp\/v2\/users\/1"}],"replies":[{"embeddable":true,"href":"https:\/\/candelabou.es\/3D\/wp-json\/wp\/v2\/comments?post=17"}],"version-history":[{"count":6,"href":"https:\/\/candelabou.es\/3D\/wp-json\/wp\/v2\/pages\/17\/revisions"}],"predecessor-version":[{"id":3223,"href":"https:\/\/candelabou.es\/3D\/wp-json\/wp\/v2\/pages\/17\/revisions\/3223"}],"wp:attachment":[{"href":"https:\/\/candelabou.es\/3D\/wp-json\/wp\/v2\/media?parent=17"}],"curies":[{"name":"wp","href":"https:\/\/api.w.org\/{rel}","templated":true}]}}